{"id":83,"date":"2022-05-10T10:11:22","date_gmt":"2022-05-10T10:11:22","guid":{"rendered":"https:\/\/drgallimre.hu\/?page_id=83"},"modified":"2022-05-24T06:17:49","modified_gmt":"2022-05-24T06:17:49","slug":"impresszum","status":"publish","type":"page","link":"https:\/\/drgallimre.hu\/?page_id=83","title":{"rendered":"Impresszum"},"content":{"rendered":"<p>[et_pb_section fb_built=&#8221;1&#8243; _builder_version=&#8221;4.17.3&#8243; _module_preset=&#8221;default&#8221; global_colors_info=&#8221;{}&#8221;][et_pb_row _builder_version=&#8221;4.17.3&#8243; _module_preset=&#8221;default&#8221; global_colors_info=&#8221;{}&#8221;][et_pb_column type=&#8221;4_4&#8243; _builder_version=&#8221;4.17.3&#8243; _module_preset=&#8221;default&#8221; global_colors_info=&#8221;{}&#8221;][et_pb_text _builder_version=&#8221;4.17.3&#8243; _module_preset=&#8221;default&#8221; global_colors_info=&#8221;{}&#8221;]<\/p>\n<p><strong>Imresszum<\/strong><\/p>\n<p>C\u00e9gn\u00e9v: dr. G\u00e1ll Imre<br \/>C\u00edm: 6729 Szeged, Bal\u00e1zs B\u00e9la utca 4.<\/p>\n<p>E-mail: <a href=\"mailto:drgallimre@gmail.com\" target=\"_blank\" rel=\"noopener\">drgallimre@gmail.com<\/a><span>\u00a0<\/span><\/p>\n<p>Internet: drgallimre.hu<\/p>\n<p>T\u00e1rhelyszolg\u00e1ltat\u00f3: Magyar Hosting Kft.<br \/>1132 Budapest, Victor Hugo utca 18-22.<br \/>info@mhosting.hu<\/p>\n<p>[\/et_pb_text][\/et_pb_column][\/et_pb_row][\/et_pb_section]<\/p>\n","protected":false},"excerpt":{"rendered":"<p>Imresszum C\u00e9gn\u00e9v: dr. G\u00e1ll ImreC\u00edm: 6729 Szeged, Bal\u00e1zs B\u00e9la utca 4. E-mail: drgallimre@gmail.com\u00a0 Internet: drgallimre.hu T\u00e1rhelyszolg\u00e1ltat\u00f3: Magyar Hosting Kft.1132 Budapest, Victor Hugo utca 18-22.info@mhosting.hu<\/p>\n","protected":false},"author":1,"featured_media":0,"parent":0,"menu_order":0,"comment_status":"closed","ping_status":"closed","template":"","meta":{"_et_pb_use_builder":"on","_et_pb_old_content":"","_et_gb_content_width":"","footnotes":""},"class_list":["post-83","page","type-page","status-publish","hentry"],"_links":{"self":[{"href":"https:\/\/drgallimre.hu\/index.php?rest_route=\/wp\/v2\/pages\/83","targetHints":{"allow":["GET"]}}],"collection":[{"href":"https:\/\/drgallimre.hu\/index.php?rest_route=\/wp\/v2\/pages"}],"about":[{"href":"https:\/\/drgallimre.hu\/index.php?rest_route=\/wp\/v2\/types\/page"}],"author":[{"embeddable":true,"href":"https:\/\/drgallimre.hu\/index.php?rest_route=\/wp\/v2\/users\/1"}],"replies":[{"embeddable":true,"href":"https:\/\/drgallimre.hu\/index.php?rest_route=%2Fwp%2Fv2%2Fcomments&post=83"}],"version-history":[{"count":4,"href":"https:\/\/drgallimre.hu\/index.php?rest_route=\/wp\/v2\/pages\/83\/revisions"}],"predecessor-version":[{"id":113,"href":"https:\/\/drgallimre.hu\/index.php?rest_route=\/wp\/v2\/pages\/83\/revisions\/113"}],"wp:attachment":[{"href":"https:\/\/drgallimre.hu\/index.php?rest_route=%2Fwp%2Fv2%2Fmedia&parent=83"}],"curies":[{"name":"wp","href":"https:\/\/api.w.org\/{rel}","templated":true}]}}